d by 5.
4
Let x be 1*-5*(-8)/20. Suppose 2 = q - x. Suppose -8*n - 35 = -q*c - 3*n, 5*c - 4*n = 46. Calculate the remainder when 59 is divided by c.
9
What is the remainder when (3/2)/((-1500624)/(-17248) + -87) is divided by 4*((-315)/(-12) + 1)?
103
Let h = -31666 + 21592. Calculate the remainder when 1/5 - (-2 - h/(-30)) is divided by 85.
83
Suppose -16 = -4*h - 4*t, -18*t = -5*h - 15*t + 12. What is the remainder when 15 is divided by h?
0
Let q(z) = z**3 + 122*z**2 + 697*z + 18. Suppose d - 23 = -4*k - 4*d, -2*k - 3*d + 13 = 0. What is the remainder when q(-6) is divided by k?
0
Let o be (-1)/4 - 3/4. Suppose 0 = 4*g + 117*x + 1449, -5*x + 5 = 3*g + 16. Calculate the remainder when g is divided by -1*3*3/o.
0
Let n = -159 + 278. Suppose g = 5*k - 341 + 66, -110 = -2*k + g. Suppose 4*d - k - 25 = 0. Calculate the remainder when n is divided by d.
19
Suppose -27*w + 24*w = -3, 0 = 4*l + w - 517. Calculate the remainder when 538 is divided by l.
22
Let l = -11 + 26. Let o = 56 - l. Suppose k + 2*i - 11 = 0, 2*k - 19*i - 23 = -24*i. What is the remainder when o is divided by k?
5
Suppose 122 = 7*q - 102 - 252. What is the remainder when 321 is divided by q?
49
Suppose 10 = 30*g - 100 - 100. What is the remainder when (-6)/(-4)*(-2 - -12) is divided by g?
1
Let z(q) = q**2 - 3*q + 6. Suppose -87*c + 82*c = 32*k - 227, 3*k + 5*c - 53 = 0. What is the remainder when z(4) is divided by k?
4
Suppose -6 = -m - 2*m. Suppose 164 = r + 5*q, m*q + 407 = 13*r - 10*r. Calculate the remainder when r is divided by 36.
31
Let r be ((-5)/4)/(7 - (-81)/(-12)). What is the remainder when 394 is divided by r - (1/5 - (-1904)/(-70))?
20
What is the remainder when 0 + (26 + -28)*(-142 + -2 + -1) is divided by 49?
45
Let g be (-2)/(-16) + (-50799)/56. Let y = g + 1294. Calculate the remainder when y is divided by 26.
23
Let a(v) = -v**2 - 8*v + 203. Suppose -y + 2*s - 18 = 4, -4*s + 60 = -3*y. What is the remainder when a(y) is divided by 6?
3
Suppose -2*u - 2*z = -424, 0 = u - 268*z + 270*z - 207. What is the remainder when 8245 is divided by u?
216
Let d(u) = 29*u**3 - u + 1. Let g be d(1). Suppose -3*o + g = -34. Let p = 142 - 61. What is the remainder when p is divided by o?
18
What is the remainder when (336 + -12)*(-3 - (-325)/15) is divided by 10?
8
Let k(t) = t**3 - 4*t**2 + 135*t - 556. What is the remainder when 3444 is divided by k(5)?
132
Calculate the remainder when 4/(-10) - (786/4978 + (-248383)/95) is divided by 521.
9
Let a(s) = 3*s**2 - 18*s - 34. What is the remainder when a(-6) is divided by 23?
21
Let h = -11826 - -11882. What is the remainder when 16070 is divided by h?
54
Suppose 0 = -0*o + 3*o + 6. What is the remainder when 110/22 + (1 - -9) is divided by (-6)/9*21/o?
1
Let l(w) = 369*w - 719. Calculate the remainder when 168 is divided by l(2).
16
Let k(r) = -2*r**3 - 10*r**2 + 7*r + 51. Calculate the remainder when 190 is divided by k(-5).
14
Calculate the remainder when 1042 is divided by 30*3*10/25 + -1 + 1.
34
Suppose -13 = 4*t - 69. What is the remainder when ((-27)/54)/(3/(-324)) is divided by t?
12
Let c = -278 + 291. Suppose v - c - 24 = -4*j, 4*v - 2*j = 76. Calculate the remainder when 163 is divided by v.
16
Suppose -6*w + 40 = -w. Let v(x) = x**2 - 7*x + 6. Let p be v(1). Suppose p = 187*m - 189*m + 6. Calculate the remainder when w is divided by m.
2
Suppose -16*z + 11*z = -60. Let g(d) = 17*d**2 - 11*d + 35. What is the remainder when g(2) is divided by z?
9
Let i = 119 + -155. Calculate the remainder when (6/(i/30) - -4)*-114 is divided by 24.
18
Let n(t) = -200*t - 1082. Calculate the remainder when n(-7) is divided by 11.
10
Suppose 16*t - 181 = -85. Suppose 99 = t*h - 105. What is the remainder when 338 is divided by h?
32
Suppose 494*i - 496*i = v - 77, -v - 108 = -3*i. What is the remainder when 328 is divided by i?
32
Let y(i) = -31*i - 49 - 4*i - 16*i - 22*i + i. Calculate the remainder when y(-3) is divided by 23.
6
Suppose 11 = -2*u + 3. Let o(c) = 5*c**2 - 12*c - 37. Calculate the remainder when o(u) is divided by 24.
19
Suppose -5*h + 483 = 403. Calculate the remainder when 670 is divided by h.
14
Suppose -2*m = -8, -3*l + 1 + 1 = 2*m. Suppose 22 = 5*i - 78. What is the remainder when -73*l*1/2 is divided by i?
13
Suppose 492 = 5*w - 3*r - 626, 4*r = -w + 196. What is the remainder when w is divided by ((-1)/2)/(2/(-128))?
28
Let j(z) = -z**2 + 9*z + 6. Calculate the remainder when ((-570)/(-16)*(-70)/105)/(6/(-24)) is divided by j(6).
23
Let c = -6297 - -6664. What is the remainder when c is divided by 35?
17
Suppose 36 = -r + 4*h - 30, 4*r = -h - 196. Let j = 43 + r. Let n(d) = -5*d - 29. Calculate the remainder when 15 is divided by n(j).
3
Let h(y) = 12*y**2 - 59*y + 115. Calculate the remainder when 3014 is divided by h(2).
44
Let a = 521 + -562. What is the remainder when 12 - (12 + a) - 2/1 is divided by 3?
0
Suppose -3*l - 2 + 11 = 0. Suppose -r = l*r. Suppose -3*v + 3*n - n + 154 = r, 3*v = n + 149. What is the remainder when 237 is divided by v?
45
Let y = 216 - 195. What is the remainder when 1/3*3 - 60/(-1) is divided by y?
19
Suppose 3*p - 10 = -5*m, -m = -2*m + 4*p - 21. Let c be 13/(-78) + m/(-6). Let t(n) = -n**3 + n**2 - n + 9. Calculate the remainder when 23 is divided by t(c).
5
Suppose -4*f - 3393*r + 3389*r = -832, -4*f = -2*r - 838. Calculate the remainder when 2095 is divided by f.
5
What is the remainder when 681 is divided by (-24 + 14)/(36/48*2/(-33))?
21
Let c(b) = 4*b - 95. Let r be c(25). Suppose 0 = 5*f - 5*z - 195, 3*f + 113 = 5*f + r*z. What is the remainder when 160 is divided by f?
28
Let i(r) = 2*r**2 + 5*r + 1. Let j be (-98)/21 - (8/(-3) + 2). Let z be i(j). Suppose -3*k = z - 61. What is the remainder when k is divided by 3?
1
Let k(a) = -a**3 + 75*a**2 + 88*a - 741. Calculate the remainder when k(76) is divided by 10.
1
Suppose 9*g - 11*g + 4 = 0. Suppose 2*m = 4*x - 164, g*m = 2*x + 5*m - 98. What is the remainder when 170 is divided by x?
41
Let l = 84 + -49. Suppose 3*f + 2*r = 71, 945 - 955 = 2*r. What is the remainder when l is divided by f?
8
Let j be (-299)/(-26) - (-3)/(-2). Let g = -385 - -455. Calculate the remainder when g is divided by (j/8)/(12/144).
10
Suppose -4*n = 2*w - 410, -132*w - 226 = -133*w - 5*n. What is the remainder when w is divided by -2 + (17 + -1 - 0)?
9
Let l(n) = 5*n**2 + n - 2. Suppose -30*k + 25*k = -20. What is the remainder when l(4) is divided by k?
2
Suppose 0 = 7*c + 591 + 305. Let p = -118 - c. Calculate the remainder when 27 is divided by p.
7
Suppose 4*n = 2833 - 725. Let u = n - 371. Calculate the remainder when u is divided by 18.
12
Suppose 16*z + 20485 = 21*z - 2*q, 3*z - 2*q - 12287 = 0. What is the remainder when z is divided by 20?
19
Let n = -365023 - -365243. Let x(o) = o**2 - 6*o + 10. What is the remainder when n is divided by x(7)?
16
Let p = 26 - 45. Let x = -12 - p. Let f(u) = u**3 - 7*u**2 + 16*u - 14. Calculate the remainder when f(6) is divided by x.
4
Suppose -p = -5*s + 292 + 4036, 3*s - 2*p = 2594. Calculate the remainder when s is divided by 30.
26
Suppose 2*n - 6*n = 3*g - 102, -2*g + 88 = -4*n. Suppose g*z - 860 = -5*z. What is the remainder when 135 is divided by z?
15
Let d(f) = 11254*f**3 + 14*f - 11256*f**3 - 2*f**2 + f**2 - 3*f + 8. What is the remainder when 96 is divided by d(-3)?
16
Suppose 0 = -4*g + z + 39, 5*z = 2*g - 3*g - 6. Suppose 240 = -0*u + 3*u. Suppose u = g*o - 7*o. What is the remainder when o is divided by 14?
12
Suppose -16*t + 19*t + 3*y = 3, 2*y + 34 = 4*t. Let o(i) = 6*i**2 - 34*i - 6. Calculate the remainder when 57 is divided by o(t).
3
Let z = 57 + -54. Suppose -z*d = -d + 6. Calculate the remainder when 91 - 2/(d/(36/(-8))) is divided by 15.
13
Suppose -723 = -5*h + 3*z, -24*h + 2*z = -22*h - 290. Calculate the remainder when 313 is divided by h.
25
Let x(s) = -s**3 + 26*s**2 - 33*s + 541. Calculate the remainder when x(18) is divided by 22.
9
Suppose 17*w + 192 = w. Calculate the remainder when (-12)/10*(w - 118) is divided by 40.
36
Let a = -31897 + 31945. Let f(y) = 41*y**2 - 4*y. Let t be f(3). Let b = -168 + t. What is the remainder when b is divided by a?
45
Let l = -228 + 785. Let u = 578 - l. What is the remainder when u is divided by 19?
2
Let u(a) = 4*a - 6. Let f(q)